+ -6)/(2/(-512830)) a composite number?
False
Suppose 22 = 2*x + 2*p, -84 = -7*x + 3*x + 4*p. Let v = x - 22. Is 6 + v/2 - -54 composite?
True
Let m(l) = 2*l**3 - 17*l**2 + 5*l + 9. Let h be 4/(-14) + (-1118)/(-91). Is m(h) prime?
False
Let a be (-35 - -10)/((-3)/6). Let j(d) = -10*d - 1. Let t be j(3). Let h = t + a. Is h a prime number?
True
Let c be (-6)/(-8) - 1509/(-4). Suppose 3*m + 189 + c = 0. Is 3 + (-2 - m) - -1 composite?
False
Let m = 28 - 24. Suppose m*o - 5*n = 4183, n + n = -3*o + 3143. Is o prime?
False
Let n(g) = -g + 3. Let c be n(3). Let i(j) be the third derivative of -j**4/24 + 185*j**3/6 + 2*j**2 - 8*j. Is i(c) a prime number?
False
Suppose 5*y - 22 = y + l, 0 = 2*y - 4*l - 4. Is 334 - (-5)/((-10)/y) composite?
False
Suppose 5*k + 21 = -29. Let b be 2/k - 36/20. Is (2 - 303/b)*2 prime?
True
Let f = 74 - 70. Suppose -f*q + 2026 + 12970 = 0. Is q a composite number?
True
Let h(i) = 29*i + 8. Suppose -4*x - 5*k + 10 + 18 = 0, -k - 14 = -2*x. Is h(x) a composite number?
False
Suppose 0 = 4*z + 4890 + 3998. Let h = -1219 - z. Let q = h - 608. Is q prime?
False
Let r = 20182 + -13553. Is r a composite number?
True
Let c = 357 - -265. Let m = 2719 - c. Suppose -830 = -2*v + 4*z, -m = -5*v + 2*z - 3*z. Is v composite?
False
Let b be 0 - 3/((-6)/16). Let c(x) = x**3 - 8*x**2 + 3*x - 8. Let y be c(b). Let k = y + -10. Is k a prime number?
False
Let c(l) = l**3 - 12*l**2 + 4*l - 6. Let p be c(12). Let o be (-2 + 9/6)*-4. Is (p + 2 + -2)/o composite?
True
Let t(m) = m**3 - 8*m**2 + 6*m + 13. Let n be t(7). Let a(i) be the second derivative of i**5/20 + i**4/6 - i**3 + i**2 - 3*i. Is a(n) a composite number?
True
Suppose 3*g + 2*g - 80 = -k, -220 = -4*k + 5*g. Suppose -6*t + t = -5*p - k, 2*t + 4 = 0. Let m(c) = c**3 + 14*c**2 - 13*c + 5. Is m(p) prime?
False
Let j be (-12 - -20) + (-4)/2. Suppose -353 = -g - 2*d, 2*g + d = j*g - 1403. Suppose 5*v + 7*b - 430 = 2*b, -3*b = -4*v + g. Is v prime?
False
Let f(w) = -32*w**3 - 15*w**2 + 6*w + 7. Is f(-5) a composite number?
True
Suppose 134*m = 138*m + 768. Let s = m - -986. Is s a prime number?
False
Let b = -12660 + 20167. Is b a prime number?
True
Let a = 30696 - -13919. Is a a composite number?
True
Let z = -29 + 34. Suppose 18*q - 4277 = z*q. Is q composite?
True
Suppose -2*j = -7*j + 165. Suppose -262 = -35*x + j*x. Is x prime?
True
Suppose -q - 24 = 2*q - 2*i, 9 = -4*q - 5*i. Let s(z) = 2*z**2 + 9*z + 7. Is s(q) a prime number?
False
Suppose 0 = 169*q - 148*q - 312921. Is q prime?
False
Let p(y) = 31*y + 3. Suppose -t + 7*d - 2 = 2*d, 3*d = 3. Let c(n) = 32*n + 3. Let w(v) = t*c(v) - 4*p(v). Is w(-2) a prime number?
True
Suppose -2*y - 5*a + 791 = 0, -4*a = 2*y - 2*a - 800. Let v = 225 - -21. Let r = y - v. Is r a composite number?
False
Let v(t) = 30*t**3 + 7*t**2 - 13*t - 17. Let m be v(12). Is 2/3 - m/(-75) a prime number?
False
Let q = -14436 - -21653. Is q composite?
True
Suppose 2*p + 9785 = 3*l, 17*p - 6498 = -2*l + 12*p. Is l a prime number?
True
Let y = 48 - 51. Let c(t) = -24*t**3 - 3*t + 2. Is c(y) a prime number?
True
Let h = 7 - -3. Suppose z = -4*z + h. Suppose -2*t = z*o - 426, t + o - 221 = -4*o. Is t composite?
False
Let q(p) = -1367*p - 1100. Is q(-33) composite?
True
Suppose -5*f - x - 3*x = 35, -2*x = 5*f + 45. Let c(z) = 7*z**2 + 5*z - 11. Let s(q) = 6*q**2 + 6*q - 10. Let k(b) = -3*c(b) + 4*s(b). Is k(f) composite?
False
Let q(d) = d**3 + 7*d**2 - 11*d - 19. Let k be q(-8). Suppose -v = 5*f - 1084, -2*v = k*f - 791 - 1362. Is v composite?
False
Suppose 3*q = 3*n - 110 - 25, -3*q + 5*n = 129. Is (-1648)/q + (-4)/(-6) prime?
False
Let m be (-119)/21*72/(-1). Let z = -223 + m. Is z a composite number?
True
Let g(w) = 61*w**2 + 10*w + 11. Let i = 59 - 65. Is g(i) composite?
True
Suppose 7 = -3*q - 5*z, -3*q - 9*z - 10 = -7*z. Suppose 0*p - k - 37 = -3*p, -65 = -5*p + 5*k. Is 4/q - p*-14 a prime number?
True
Suppose -7*v + 275 = 2375. Let s = v - -110. Is -4 + 8 + -3 - s composite?
False
Let o = 99 + -44. Suppose a + 0*m = -m + o, -2*m = a - 53. Is a prime?
False
Let a(c) be the second derivative of -c**5/4 - c**4/6 - c**3/2 - 3*c**2/2 - 18*c. Is a(-5) prime?
True
Suppose 40 + 4 = -4*r. Let d = r - -18. Is (-4 + 3)*-2*d composite?
True
Let b(a) = a + 9. Suppose o - 39 = 4*j, j = 5*o - 33 + 9. Let z be b(j). Suppose -4*r + 2*m + 1944 = z, 1946 = r + 3*r - m. Is r composite?
False
Suppose -4*r + o + 3686 = -0*r, 0 = -4*r + 3*o + 3690. Is r a composite number?
True
Let a(h) be the first derivative of -h**4/4 - 8*h**3/3 - 5*h**2 - 2*h + 2. Let s be a(-6). Is (s + 3)/((-2)/38) composite?
True
Let b be (-6)/2 + (-11 - -29). Suppose -12 = -12*k + b*k. Is 6 + 1211 + 0 + k a composite number?
False
Let f(s) = 5 + 594*s + 0 + 6*s. Let r be f(4). Suppose r = 6*t - t. Is t prime?
False
Let h(j) = 3*j**2 - 3*j + 1. Let r be (-3)/6 + 10/4. Suppose -r*a + 8 - 2 = 2*u, 4*a - 2*u = 18. Is h(a) prime?
True
Let d(j) = 24*j - 12 - 2 - 3. Let m = -893 + 907. Is d(m) a prime number?
False
Let k be ((-8)/20)/(2/(-5)). Suppose -5*n + 9 = -k. Suppose -n*d = -32 - 42. Is d prime?
True
Let r(l) be the first derivative of -9*l**4/4 + 5*l**3/3 + 11*l**2/2 + l - 5. Is r(-4) a composite number?
False
Suppose 2*t - 2672 = -5*j - 485, -3*j - 1110 = -t. Is t composite?
True
Let k(l) = -4*l - 44. Let p be k(-12). Suppose 2*b - 340 - 241 = -c, p*c = -b + 2331. Is c a composite number?
True
Let u(t) = t**3 + 7*t**2 + 5*t - 3. Let j be u(-6). Suppose j*i - 7*i = -3076. Is i a prime number?
True
Suppose -684 = 4*h - 84. Let m be (400/(-12))/(4/h). Suppose -5*v = -0*v - 4*y - 1275, m = 5*v + y. Is v a prime number?
True
Suppose 0 = -4*l - r - 1379 - 5712, 0 = -l + 3*r - 1789. Is (1*(0 - 1))/(2/l) a composite number?
False
Let o = 2 + 5. Suppose 0 = 3*f - 2*s - 23, o*f - 28 = 3*f + 2*s. Suppose 3*h = -f*i + 1027, h + h = -i + 211. Is i a composite number?
True
Suppose 0 = 5*o + 5*n - 66670, 3*o = -4*n - 0*n + 40005. Is o a composite number?
False
Suppose l = -2*t - 4*l + 17, -5*t + 11 = 2*l. Let x(o) = -o**2 + o + 1. Let w(r) = 2*r**2 - 7*r - 10. Let u(j) = t*w(j) - x(j). Is u(-12) composite?
True
Let n(g) = -g**3 - 12*g**2 + 13*g + 3. Let y be n(-13). Suppose -7*l + 3*l + 4*x = -996, 745 = y*l - 4*x. Is l composite?
False
Let i(m) = -4261*m + 110. Is i(-5) a prime number?
False
Let b(q) = q - 6. Let a be b(10). Suppose -s + 112 + 158 = 0. Suppose -5*m + s = u, -2*u = -a*m - u + 225. Is m a composite number?
True
Is ((-18)/(-12))/((-24)/(-53936)) a composite number?
False
Let r be -357*(-3 + (-32)/(-12)). Suppose h - 2*i + 4 = r, -h + 119 = 2*i. Suppose -3*g - 3*u = -h, -4 = -u - 3. Is g prime?
False
Suppose -2*f - 44 = g + 4*g, g = -4. Let n(j) = -j**2 - 4*j - 15. Let h be n(f). Let d = 176 + h. Is d prime?
False
Let a be (3/(-15))/(-1) + (-92)/10. Let o = 30 - 15. Let k = a + o. Is k a composite number?
True
Suppose 0*x - 2*x = 2*a - 6078, -3*a - 6098 = -2*x. Is x a prime number?
False
Suppose -2*v + 6 = v, 5*o - 2*v - 42981 = 0. Is o a prime number?
True
Let d = 5 + -9. Let t(c) = -737*c - 9. Is t(d) prime?
True
Is 9/36 + (-10502)/(-8) composite?
True
Let p = -9005 - -16906. Is p prime?
True
Is 17409 - (2 + (5 - -1)) a composite number?
False
Suppose -15 = 3*a - 2*v, -25 = 5*a - 0*v - 3*v. Let b be a*3 + (-4)/2. Let s = b + 70. Is s composite?
False
Suppose 0 = -3*i - 3*y - 13595 + 49598, 0 = 4*i + 3*y - 48004. Is i a prime number?
False
Suppose 5180 = -4*p - 4*l + 44924, -10 = 2*l. Is p composite?
False
Let n(k) be the first derivative of 31*k**2/2 - 11*k - 12. Suppose -4 + 44 = 5*d. Is n(d) prime?
False
Let z(m) = 2*m**2 - 24*m + 3. Let g be z(12). Suppose 0 = -v - g*v + 220. Is v composite?
True
Suppose -3*x - 12 = 0, 2*x = g - 3*x - 23. Suppose -4*s - 7*y = -g*y - 660, -2*y + 656 = 4*s. Is s a composite number?
False
Suppose -3*w - x - 42 = 2*x, 2*x - 26 = 4*w. Is (-2)/(w/2514*(-8)/(-6)) a composite number?
False
Let r(a) = -12*a**3 + 2*a**2 - 3*a + 4. Is r(-3) prime?
False
Suppose 59407 - 266094 = -13*n. Is n a prime number?
False
Let h be 3/(-12) + (-1)/(-4). Suppose -r + 1 = 5*t, -t = -h*t - 5*r + 5. Suppose 4*s - 79 - 157 = t. Is s prime?
True
Let h(j) = 18*j + 111. Is h(10) composite?
True
Let u(i) = -2*i**3 - 6*i**2 - 10*i. Let s be u(-4). Suppose -178 = -2*g + 2*v, -g - 3*v + 1 + s = 0. 